{"id":124,"date":"2025-08-07T08:01:39","date_gmt":"2025-08-07T08:01:39","guid":{"rendered":"https:\/\/ngocangem.com\/?page_id=124"},"modified":"2025-08-07T08:03:22","modified_gmt":"2025-08-07T08:03:22","slug":"chinh-sach-kiem-hang","status":"publish","type":"page","link":"https:\/\/ngocangem.com\/index.php\/chinh-sach-kiem-hang\/","title":{"rendered":"Ch\u00ednh s\u00e1ch ki\u1ec3m h\u00e0ng"},"content":{"rendered":"<p><strong>1.<\/strong><strong>\u00a0\u0110\u1ecbnh ngh\u0129a.<\/strong><\/p>\n<p>Ki\u1ec3m h\u00e0ng l\u00e0 th\u1ef1c hi\u1ec7n c\u00e1c c\u00f4ng vi\u1ec7c ki\u1ec3m tra v\u00e0 so s\u00e1nh c\u00e1c s\u1ea3n ph\u1ea9m\/h\u00e0ng h\u00f3a nh\u1eadn \u0111\u01b0\u1ee3c trong ki\u1ec7n h\u00e0ng\u00a0<a href=\"http:\/\/ngocangem.com\/\">ngocangem.com<\/a>\u00a0g\u1eedi v\u1edbi c\u00e1c s\u1ea3n ph\u1ea9m trong \u0111\u01a1n h\u00e0ng m\u00e0 qu\u00fd kh\u00e1ch h\u00e0ng y\u00eau c\u1ea7u.<\/p>\n<p><strong>2. Th\u1eddi \u0111i\u1ec3m ki\u1ec3m h\u00e0ng.<\/strong><\/p>\n<ul>\n<li><a href=\"http:\/\/ngocangem.com\/\">.<\/a><a href=\"http:\/\/ngocangem.com\/\">ngocangen.com<\/a>\u00a0ch\u1ea5p nh\u1eadn cho kh\u00e1ch h\u00e0ng \u0111\u1ed3ng ki\u1ec3m v\u1edbi nh\u00e2n vi\u00ean giao h\u00e0ng t\u1ea1i th\u1eddi \u0111i\u1ec3m nh\u1eadn h\u00e0ng (ho\u1eb7c trong v\u00f2ng 30p k\u1ec3 t\u1eeb khi kh\u00e1ch nh\u1eadn \u0111\u01b0\u1ee3c h\u00e0ng h\u00f3a).<\/li>\n<li>Sau khi nh\u1eadn h\u00e0ng, kh\u00e1ch h\u00e0ng ki\u1ec3m l\u1ea1i ph\u00e1t hi\u1ec7n sai, c\u00f3 th\u1ec3 li\u00ean l\u1ea1c v\u1edbi b\u1ed9 ph\u1eadn ch\u0103m s\u00f3c kh\u00e1ch h\u00e0ng \u0111\u1ec3 \u0111\u01b0\u1ee3c h\u1ed7 tr\u1ee3 \u0111\u1ed5i tr\u1ea3.<\/li>\n<\/ul>\n<p><strong>L\u01b0u \u00fd: Qu\u00fd kh\u00e1ch quay video l\u00fac m\u1edf th\u00f9ng h\u00e0ng \u0111\u1ec3 \u0111\u1ed1i chi\u1ebfu khi c\u1ea7n thi\u1ebft.<\/strong><\/p>\n<p><strong>3.\u00a0<\/strong><strong>Ph\u1ea1m vi ki\u1ec3m tra h\u00e0ng h\u00f3a.<\/strong><\/p>\n<p>Kh\u00e1ch h\u00e0ng \u0111\u01b0\u1ee3c ki\u1ec3m \u0111\u1ebfm s\u1ed1 l\u01b0\u1ee3ng s\u1ea3n ph\u1ea9m th\u1ef1c nh\u1eadn, \u0111\u1ed1i chi\u1ebfu, so s\u00e1nh c\u00e1c s\u1ea3n ph\u1ea9m nh\u1eadn \u0111\u01b0\u1ee3c v\u1edbi s\u1ea3n ph\u1ea9m \u0111\u00e3 \u0111\u1eb7t tr\u00ean \u0111\u01a1n sau khi nh\u00e2n vi\u00ean\u00a0x\u00e1c nh\u1eadn \u0111\u01a1n h\u00e0ng theo c\u00e1c ti\u00eau ch\u00ed:<\/p>\n<ul>\n<li>Theo c\u00e1c thu\u1ed9c t\u00ednh c\u01a1 b\u1ea3n h\u00e0ng h\u00f3a: t\u00ean h\u00e0ng, s\u1ed1 l\u01b0\u1ee3ng, th\u00f4ng tin c\u1ee7a kh\u00e1ch h\u00e0ng tr\u00ean c\u00e1c gi\u1ea5y t\u1edd c\u1ee7a \u0111\u01a1n h\u00e0ng.<\/li>\n<li>Theo m\u1eabu m\u00e3 \u0111\u01b0\u1ee3c hi\u1ec3n th\u1ecb b\u1edfi \u1ea3nh \u0111\u1ea1i di\u1ec7n c\u1ee7a s\u1ea3n ph\u1ea9m \u0111\u01b0\u1ee3c l\u01b0u khi \u0111\u1eb7t h\u00e0ng v\u00e0 sau khi \u0111\u01b0\u1ee3c nh\u00e2n vi\u00ean\u00a0x\u00e1c nh\u1eadn \u0111\u01a1n h\u00e0ng.<\/li>\n<li>Tuy\u1ec7t \u0111\u1ed1i kh\u00f4ng b\u00f3c, m\u1edf c\u00e1c h\u1ed9p s\u1ea3n ph\u1ea9m c\u00f3 tem ni\u00eam phong, tem \u0111\u1ea3m b\u1ea3o.<\/li>\n<li>Kh\u00f4ng \u0111\u01b0\u1ee3c c\u00e0o l\u1ea5y m\u00e3 c\u00e1c s\u1ea3n ph\u1ea9m c\u00f3 t\u00edch \u0111i\u1ec3m, \u0111\u1ed5i qu\u00e0.<\/li>\n<\/ul>\n<p>Qu\u00fd kh\u00e1ch h\u00e0ng vui l\u00f2ng kh\u00f4ng b\u00f3c v\u00e0 s\u1eed d\u1ee5ng c\u00e1c s\u1ea3n ph\u1ea9m trong ki\u1ec7n h\u00e0ng khi \u0111ang c\u00f2n v\u1ea5n \u0111\u1ec1 trong qu\u00e1 tr\u00ecnh ki\u1ec3m tra h\u00e0ng h\u00f3a v\u1edbi ch\u00fang t\u00f4i.<\/p>\n<p><strong>4.<\/strong><strong>\u00a0C\u00e1c b\u01b0\u1edbc x\u1eed l\u00fd khi h\u00e0ng h\u00f3a nh\u1eadn \u0111\u01b0\u1ee3c kh\u00f4ng nh\u01b0 \u0111\u01a1n \u0111\u1eb7t h\u00e0ng.<\/strong><\/p>\n<ul>\n<li>Khi qu\u00fd kh\u00e1ch \u0111\u1ed3ng ki\u1ec3m, s\u1ea3n ph\u1ea9m nh\u1eadn \u0111\u01b0\u1ee3c kh\u00f4ng nh\u01b0 s\u1ea3n ph\u1ea9m kh\u00e1ch \u0111\u1eb7t tr\u00ean \u0111\u01a1n h\u00e0ng. Xin h\u00e3y li\u00ean h\u1ec7 v\u1edbi\u00a0<strong>hotline\u00a0<\/strong>\u0111\u1ec3 \u0111\u01b0\u1ee3c g\u1eb7p b\u1ed9 ph\u1eadn ch\u0103m s\u00f3c kh\u00e1ch h\u00e0ng x\u00e1c nh\u1eadn l\u1ea1i \u0111\u01a1n h\u00e0ng.<\/li>\n<li>Tr\u01b0\u1eddng h\u1ee3p \u0111\u00f3ng sai \u0111\u01a1n h\u00e0ng theo y\u00eau c\u1ea7u c\u1ee7a kh\u00e1ch, kh\u00e1ch c\u00f3 th\u1ec3 kh\u00f4ng nh\u1eadn h\u00e0ng, kh\u00f4ng thanh to\u00e1n. Trong tr\u01b0\u1eddng h\u1ee3p \u0111\u01a1n h\u00e0ng \u0111\u00e3 thanh to\u00e1n, kh\u00e1ch h\u00e0ng c\u00f3 th\u1ec3 y\u00eau c\u1ea7u g\u1eedi l\u1ea1i \u0111\u01a1n m\u1edbi hay kh\u00f4ng,\u00a0<a href=\"http:\/\/ngocangem.com\/\">ngocangem.com<\/a>\u00a0s\u1ebd ho\u00e0n l\u1ea1i ti\u1ec1n cho qu\u00fd kh\u00e1ch trong th\u1eddi gian s\u1edbm nh\u1ea5t.<\/li>\n<\/ul>\n<p><strong>5.<\/strong>\u00a0<strong>C\u00e1c k\u00eanh th\u00f4ng tin ti\u1ebfp nh\u1eadn khi\u1ebfu n\u1ea1i c\u1ee7a kh\u00e1ch h\u00e0ng<\/strong>.<\/p>\n<p><strong>M\u1ecdi th\u00f4ng tin khi\u1ebfu n\u1ea1i c\u1ee7a kh\u00e1ch h\u00e0ng, ch\u00fang t\u00f4i ti\u1ebfp nh\u1eadn qua s\u1ed1 Hotline: <a href=\"http:\/\/0859809999\">0859809999<\/a>\u00a0ho\u1eb7c Email:<\/strong> <a href=\"mailto:vindesgroup@gmail.com\">vindesgroup@gmail.com<\/a><\/p>\n","protected":false},"excerpt":{"rendered":"<p>1.\u00a0\u0110\u1ecbnh ngh\u0129a. Ki\u1ec3m h\u00e0ng l\u00e0 th\u1ef1c hi\u1ec7n c\u00e1c c\u00f4ng vi\u1ec7c ki\u1ec3m tra v\u00e0 so s\u00e1nh c\u00e1c s\u1ea3n ph\u1ea9m\/h\u00e0ng h\u00f3a nh\u1eadn \u0111\u01b0\u1ee3c trong ki\u1ec7n h\u00e0ng\u00a0ngocangem.com\u00a0g\u1eedi v\u1edbi c\u00e1c s\u1ea3n ph\u1ea9m trong \u0111\u01a1n h\u00e0ng m\u00e0 qu\u00fd kh\u00e1ch h\u00e0ng y\u00eau c\u1ea7u. 2. Th\u1eddi \u0111i\u1ec3m ki\u1ec3m h\u00e0ng. .ngocangen.com\u00a0ch\u1ea5p nh\u1eadn cho kh\u00e1ch h\u00e0ng \u0111\u1ed3ng ki\u1ec3m v\u1edbi nh\u00e2n vi\u00ean giao h\u00e0ng t\u1ea1i [&#8230;]\n","protected":false},"author":1,"featured_media":0,"parent":0,"menu_order":0,"comment_status":"closed","ping_status":"closed","template":"","meta":{"footnotes":""},"class_list":["post-124","page","type-page","status-publish","hentry"],"jetpack_sharing_enabled":true,"_links":{"self":[{"href":"https:\/\/ngocangem.com\/index.php\/wp-json\/wp\/v2\/pages\/124","targetHints":{"allow":["GET"]}}],"collection":[{"href":"https:\/\/ngocangem.com\/index.php\/wp-json\/wp\/v2\/pages"}],"about":[{"href":"https:\/\/ngocangem.com\/index.php\/wp-json\/wp\/v2\/types\/page"}],"author":[{"embeddable":true,"href":"https:\/\/ngocangem.com\/index.php\/wp-json\/wp\/v2\/users\/1"}],"replies":[{"embeddable":true,"href":"https:\/\/ngocangem.com\/index.php\/wp-json\/wp\/v2\/comments?post=124"}],"version-history":[{"count":1,"href":"https:\/\/ngocangem.com\/index.php\/wp-json\/wp\/v2\/pages\/124\/revisions"}],"predecessor-version":[{"id":125,"href":"https:\/\/ngocangem.com\/index.php\/wp-json\/wp\/v2\/pages\/124\/revisions\/125"}],"wp:attachment":[{"href":"https:\/\/ngocangem.com\/index.php\/wp-json\/wp\/v2\/media?parent=124"}],"curies":[{"name":"wp","href":"https:\/\/api.w.org\/{rel}","templated":true}]}}