{"id":74,"date":"2025-08-01T06:11:44","date_gmt":"2025-08-01T06:11:44","guid":{"rendered":"https:\/\/ngocangem.com\/?page_id=74"},"modified":"2025-08-02T02:56:00","modified_gmt":"2025-08-02T02:56:00","slug":"dieu-khoan-dich-vu","status":"publish","type":"page","link":"https:\/\/ngocangem.com\/index.php\/dieu-khoan-dich-vu\/","title":{"rendered":"\u0110i\u1ec1u Kho\u1ea3n D\u1ecbch V\u1ee5"},"content":{"rendered":"\n\n\n<h2 class=\"wp-block-heading\"><strong>\u0110i\u1ec1u kho\u1ea3n d\u1ecbch v\u1ee5 <\/strong><\/h2>\n\n\n\n<h3 class=\"wp-block-heading\">C\u00e1ch th\u1ee9c giao d\u1ecbch <\/h3>\n\n\n\n<ul class=\"wp-block-list\">\n<li>Mua v\u00e0 thanh to\u00e1n tr\u1ef1c ti\u1ebfp t\u1ea1i c\u1eeda h\u00e0ng: <\/li>\n<\/ul>\n\n\n\n<ul class=\"wp-block-list\">\n<li><strong>\u0110\u1eb7t h\u00e0ng tr\u00ean website: <\/strong>Qu\u00fd kh\u00e1ch tham kh\u1ea3o to\u00e0n b\u1ed9 s\u1ea3n ph\u1ea9m T\u1ea0I \u0110\u00c2Y. L\u1ef1a ch\u1ecdn s\u1ea3n ph\u1ea9m \u01b0ng \u00fd v\u00e0 ti\u1ebfn h\u00e0ng thanh to\u00e1n theo h\u01b0\u1edbng d\u1eabn. Sau khi nh\u1eadn \u0111\u01b0\u1ee3c th\u00f4ng b\u00e1o, Ng\u1ecdc Minh An s\u1ebd li\u00ean h\u1ec7 l\u1ea1i theo th\u00f4ng tin qu\u00fd kh\u00e1ch cung c\u1ea5p \u0111\u1ec3 x\u00e1c nh\u1eadn \u0111\u01a1n h\u00e0ng v\u00e0 g\u1eedi h\u00e0ng. <\/li>\n\n\n\n<li><strong>Mua Online trong n\u01b0\u1edbc: <\/strong>C\u00f3 th\u1ec3 thanh to\u00e1n theo 1 trong 2 h\u00ecnh th\u1ee9c: <\/li>\n<\/ul>\n\n\n\n<p><strong>Thanh to\u00e1n tr\u01b0\u1edbc: <\/strong>Kh\u00e1ch h\u00e0ng chuy\u1ec3n kho\u1ea3n 100% gi\u00e1 tr\u1ecb \u0111\u01a1n h\u00e0ng + ph\u00ed v\u1eadn chuy\u1ec3n (n\u1ebfu c\u00f3) v\u00e0o th\u00f4ng tin t\u00e0i kho\u1ea3n d\u01b0\u1edbi \u0111\u00e2y v\u00e0 nh\u1eafn tin th\u00f4ng b\u00e1o l\u1ea1i theo s\u1ed1 hotline (V\u00ec nhi\u1ec1u ng\u01b0\u1eddi cuy\u1ec3n kho\u1ea3n, c\u1eeda h\u00e0ng c\u00f3 th\u1ec3 b\u1ecb nh\u1eadm l\u1eabn n\u00ean r\u1ea5t mong qu\u00fd kh\u00e1ch th\u00f4ng b\u00e1o l\u1ea1i \u0111\u1ec3 \u0111\u1ea3m b\u1ea3o quy\u1ec1n l\u1ee3i). \u0110\u1ed3ng th\u1eddi qu\u00fd kh\u00e1ch cung c\u1ea5p th\u00f4ng tin T\u00ean ng\u01b0\u1eddi nh\u1eadn, s\u1ed1 \u0111i\u1ec7n tho\u1ea1i, \u0111\u1ecba ch\u1ec9. Sau khi x\u00e1c nh\u1eadn \u0111\u00e3 nh\u1eadn \u0111\u01b0\u1ee3 kho\u1ea3n thanh to\u00e1n, Ng\u1ecdc Minh An s\u1ebd ship h\u00e0ng theo th\u00f4ng tin anh ch\u1ecb \u0111\u00e3 g\u1eedi<\/p>\n\n\n\n<p><strong>Thanh to\u00e1n sau khi nh\u1eadn h\u00e0ng (COD): <\/strong>Qu\u00fd kh\u00e1ch cung c\u1ea5p th\u00f4ng tin T\u00ean ng\u01b0\u1eddi nh\u1eadn, s\u1ed1 \u0111i\u1ec7n tho\u1ea1i, \u0111\u1ecba ch\u1ec9. Ng\u1ecdc Minh An s\u1ebd g\u1eedi chuy\u1ec3n ph\u00e1t nhanh. Anh ch\u1ecb \u0111\u1ed3ng ki\u1ec3m, thanh to\u00e1n gi\u00e1 tr\u1ecb \u0111\u01a1n h\u00e0ng + ph\u00ed v\u1eadn chuy\u1ec3n cho nh\u00e2n vi\u00ean ph\u00e1t h\u00e0ng. (<strong>L\u01b0u \u00fd: <\/strong>Do h\u00ecnh th\u1ee9c n\u00e0y ph\u1ea3i thu\u00ea d\u1ecbch v\u1ee5 thu ti\u1ec1n h\u1ed9 c\u1ee7a b\u00ean th\u1ee9 3 n\u00ean <strong>ph\u00ed v\u1eadn chuy\u1ec3n s\u1ebd cao h\u01a1n h\u00ecnh th\u1ee9c thanh to\u00e1n tr\u01b0\u1edbc, <\/strong>t\u1ed1i thi\u1ec3u l\u00e0 30.000\u0111)<\/p>\n\n\n\n<h3 class=\"wp-block-heading\"><strong>Th\u00f4ng tin chuy\u1ec3n kho\u1ea3n<\/strong><\/h3>\n\n\n\n<h3 class=\"wp-block-heading\">Ph\u00ed v\u1eadn chuy\u1ec3n<\/h3>\n\n\n\n<p>Ng\u1ecdc Minh An freeship c\u00e1c \u0111\u01a1n h\u00e0ng gi\u00e1 tr\u1ecb t\u1eeb 200.000\u0111, c\u00f3 kh\u1ed1i l\u01b0\u1ee3ng nh\u1ecf h\u01a1n 300 gram, v\u00e0 chuy\u1ec3n kho\u1ea3n tr\u01b0\u1edbc 100% ho\u00e1 \u0111\u01a1n mua h\u00e0ng. C\u00e1c h\u00e0ng kh\u00e1c anh ch\u1ecb s\u1ebd thanh to\u00e1n th\u00eam ph\u00ed v\u1eadn chuy\u1ec3n c\u00f9ng v\u1edbi ph\u00ed mua s\u1ea3n ph\u1ea9m. <\/p>\n\n\n\n<h2 class=\"wp-block-heading\">Ch\u00ednh s\u00e1ch b\u1ea3o h\u00e0nh, \u01b0u \u0111\u00e3i, khuy\u1ebfn m\u00e3i:<\/h2>\n\n\n\n<ul class=\"wp-block-list\">\n<li><strong>\u0110\u1ed1i v\u1edbi s\u1ea3n ph\u1ea9m \u0111\u00e1: <\/strong>Ng\u1ecdc Minh An <strong>CAM K\u1ebeT CH\u1ec8 CUNG C\u1ea4P \u0110\u00c1 T\u1ef0 NHI\u00caN, <\/strong>v\u00e0 <strong>B\u1ea2O H\u00c0NG TR\u1eccN \u0110\u1edcI <\/strong>v\u1edbi c\u00e1c thao t\u00e1c: \u0110\u00e1nh b\u00f3ng \u0111\u00e1, s\u1eeda ch\u1ed7 s\u1ee9t m\u1ebb, s\u00e2u l\u1ea1i v\u00f2ng tay.<\/li>\n\n\n\n<li><strong>\u0110\u1ed1i v\u1edbi ph\u1ea7n v\u00e0ng b\u1ea1c: <\/strong>Ng\u1ecdc Minh An <strong>CAM K\u1ebeT CH\u1ebe T\u00c1C V\u00c0NG B\u1ea0C \u0110\u1ee6, <\/strong>v\u00e0 <strong>B\u1ea2O H\u00c0NH TR\u1eccN \u0110\u1edcI <\/strong>v\u1edbi c\u00e1c thao t\u00e1c: C\u1eaft\/nong s\u1ed1 nh\u1eabn, \u0111nahs b\u00f3ng l\u00e0m m\u1edbi, g\u1eb7n l\u1ea1i \u0111\u00e1 t\u1ea5m CZ (trong tr\u01b0\u1eddng h\u1ee3p r\u01a1i \u0111\u00e1), n\u1eafn ch\u1ed7 m\u00e8o.<\/li>\n\n\n\n<li><strong>Ph\u1ea1m vi b\u1ea3o h\u00e0ng: <\/strong>C\u00e1c tr\u01b0\u1eddng h\u1ee3p v\u1ee1 \u0111\u00e1, m\u00f3p m\u00e9o bi\u1ebfn d\u1ea1ng qu\u00e1 n\u1eb7ng \u1edf ph\u1ea7n v\u00e0ng b\u1ea1c trong qu\u00e1 tr\u00ecnh kh\u00e1ch h\u00e0ng s\u1eed d\u1ee5ng, kh\u00f4ng th\u1ec3 ph\u1ee5c h\u1ed3i, ho\u1eb7c c\u00f3 d\u1ea5u hi\u1ec7u c\u1ed1 \u00fd d\u00e2y h\u01b0 h\u1ea1i, Ng\u1ecdc Minh An kh\u00f4ng nh\u1eadn b\u1ea3o h\u00e0nh<\/li>\n\n\n\n<li><strong>C\u00e1c ch\u00ednh s\u00e1ch \u01b0u \u0111\u00e3i: <\/strong>C\u00e1c \u0111\u01a1n h\u00e0ng c\u1ee7a kh\u00e1ch h\u00e0ng th\u00e2n thi\u1ebft c\u00f3 th\u1ec3 nh\u1eadn \u0111\u01b0\u1ee3c m\u1ed9t s\u1ed1 \u01b0u \u0111\u00e3i \u0111\u1eb7c quy\u1ec1n. Ngo\u00e0i ra, tu\u1ef3 t\u1eebng th\u1eddi \u0111i\u1ec3m, Ng\u1ecdc Minh An s\u1ebd c\u00f3 c\u00e1c ch\u01b0\u01a1ng tr\u00ecnh khuy\u1ebfn m\u00e3i, \u01b0u \u0111\u00e3i d\u00e0nh cho kh\u00e1ch h\u00e0ng. <strong>T\u1ea4T C\u1ea2 C\u00c1C CH\u01af\u01a0NG TR\u00ccNH KHUY\u1ebeN M\u00c3I, \u01afU \u0110\u00c3I \u0110\u1ec0U KH\u00d4NG \u0110\u01af\u1ee2C C\u1ed8NG D\u1ed2N M\u00c0 CH\u1ec8 \u00c1P D\u1ee4NG 1 M\u1ee8C \u01afU \u0110\u00c3I CAO NH\u1ea4T. <\/strong>(Tr\u1eeb tr\u01b0\u1eddng h\u1ee3p c\u00f3 th\u00f4ng b\u00e1o ngo\u1ea1i l\u1ec7 c\u1ee5 th\u1ec3 khi ch\u1ea1y ch\u01b0\u01a1ng tr\u00ecnh).<\/li>\n<\/ul>\n\n\n\n<h2 class=\"wp-block-heading\">\u0110\u1ec3 \u0111\u01b0\u1ee3c h\u1ed7 tr\u1ee3, qu\u00fd kh\u00e1ch vui l\u00f2ng li\u00ean h\u1ec7 hotline: <\/h2>\n\n\n\n<p><\/p>\n","protected":false},"excerpt":{"rendered":"<p>\u0110i\u1ec1u kho\u1ea3n d\u1ecbch v\u1ee5 C\u00e1ch th\u1ee9c giao d\u1ecbch Thanh to\u00e1n tr\u01b0\u1edbc: Kh\u00e1ch h\u00e0ng chuy\u1ec3n kho\u1ea3n 100% gi\u00e1 tr\u1ecb \u0111\u01a1n h\u00e0ng + ph\u00ed v\u1eadn chuy\u1ec3n (n\u1ebfu c\u00f3) v\u00e0o th\u00f4ng tin t\u00e0i kho\u1ea3n d\u01b0\u1edbi \u0111\u00e2y v\u00e0 nh\u1eafn tin th\u00f4ng b\u00e1o l\u1ea1i theo s\u1ed1 hotline (V\u00ec nhi\u1ec1u ng\u01b0\u1eddi cuy\u1ec3n kho\u1ea3n, c\u1eeda h\u00e0ng c\u00f3 th\u1ec3 b\u1ecb nh\u1eadm l\u1eabn n\u00ean [&#8230;]\n","protected":false},"author":1,"featured_media":0,"parent":0,"menu_order":0,"comment_status":"closed","ping_status":"closed","template":"","meta":{"footnotes":""},"class_list":["post-74","page","type-page","status-publish","hentry"],"jetpack_sharing_enabled":true,"_links":{"self":[{"href":"https:\/\/ngocangem.com\/index.php\/wp-json\/wp\/v2\/pages\/74","targetHints":{"allow":["GET"]}}],"collection":[{"href":"https:\/\/ngocangem.com\/index.php\/wp-json\/wp\/v2\/pages"}],"about":[{"href":"https:\/\/ngocangem.com\/index.php\/wp-json\/wp\/v2\/types\/page"}],"author":[{"embeddable":true,"href":"https:\/\/ngocangem.com\/index.php\/wp-json\/wp\/v2\/users\/1"}],"replies":[{"embeddable":true,"href":"https:\/\/ngocangem.com\/index.php\/wp-json\/wp\/v2\/comments?post=74"}],"version-history":[{"count":4,"href":"https:\/\/ngocangem.com\/index.php\/wp-json\/wp\/v2\/pages\/74\/revisions"}],"predecessor-version":[{"id":85,"href":"https:\/\/ngocangem.com\/index.php\/wp-json\/wp\/v2\/pages\/74\/revisions\/85"}],"wp:attachment":[{"href":"https:\/\/ngocangem.com\/index.php\/wp-json\/wp\/v2\/media?parent=74"}],"curies":[{"name":"wp","href":"https:\/\/api.w.org\/{rel}","templated":true}]}}